aluate 0 + 16 - (4 + 9).
3
Calculate 10 + (-2 - -4 - 16).
-4
What is the value of 6 + 8 + (3 - 8) + -6 + 14?
17
What is (57 - 36) + (-3 + -1 - (-1 + 4))?
14
5 + -2 + 2 + -109 + 116
12
What is -24 + (-23 - -15) + 16?
-16
What is the value of 7 + -6 + (3 - -10)?
14
What is 6 + (-13 + 9 + 0 - (-4 + 1))?
5
Calculate (62 - 14) + -18 + -17.
13
Calculate -16 + -1 + -1 + (19 + 7 - 22).
-14
What is the value of (10 - (-1 + 14)) + -14?
-17
Evaluate (127 - 120) + (-4 - 1) + -1.
1
8 + (-166 - -164 - (-1 + -9))
16
Calculate 25 - (24 + -50 - -42).
9
What is the value of -2 - 2 - (5 - ((-3 - -8) + 2))?
-2
Evaluate 16 + -3 + -7 + 0 + -15.
-9
Evaluate -13 - (-10 + 12 + -12).
-3
What is 7 + (182 - 191 - (-1 + -7))?
6
Calculate 7 + -2 + 15 + (0 - 7 - -1).
14
6 + 4 + (4 - 12) + 0
2
Calculate -26 + (-4 + 18 - -2).
-10
What is the value of -7 + -8 - (18 - 23)?
-10
Calculate 0 + -1 + 18 + (3 - (53 + -50)).
17
-5 + 0 + 3 + -23 + 27
2
334 - 324 - (2 - 16 - 0 - -3)
21
Calculate 4 + -18 - (20 + -25).
-9
(-2 + 0 + 0 - -1) + -1
-2
What is the value of 12 + 20 + (7 - 14) - 11?
14
What is the value of 13 - (51 - 20) - -17?
-1
Calculate -5 + -6 + 13 + -7 + 1 + 0.
-4
(-9 - (-8 + -1 + (-3 - -6))) + 0
-3
Calculate 3 - (18 + -6 - 13).
4
What is the value of 12 + 0 - ((4 - -6) + -9)?
11
(-2 - 14) + 22 + (2 - 1)
7
(13 - 6) + 13 + -8 + -3 + 4
13
Evaluate -3 - 8 - (-47 - -34) - (0 + 8).
-6
Evaluate 0 + (4 - 3) + (-683 - -671).
-11
What is the value of -3 - 15 - (4 - (7 - (13 - 3)))?
-25
Calculate -20 - -16 - (11 + -7 - -15).
-23
Calculate 9 - (-1 - -21 - 12).
1
1 + -7 + 0 - (-1 + (-10 - -9))
-4
What is -5 - (3 + (3 - (-1 - -3 - -1)))?
-8
What is the value of -15 - (-4 - ((3 - 1) + -3 + -2))?
-14
Calculate (20 - 21 - (11 + -1)) + 32 + 3.
24
Calculate -1004 + 999 - (3 + (10 + 0 - -1)).
-19
8 - (16 + 13 - 10)
-11
-7 + (-1 - (8 + -6)) + 38 - 2
26
What is the value of 1 + 1 + -11 + 14?
5
3 + (-16 - -9) - (12 - 14)
-2
(-5 - -5 - 4) + 0 + -1 + 6
1
What is (1 - (-1 - 12)) + 4 + -6?
12
-28 + -11 + -5 + (-7 - 0 - -34)
-17
What is the value of 7 + -1 + -6 + -9 + 5 + 16?
12
Calculate -11 - ((-36 - -7) + 31).
-13
What is -2 + 9 + -9 + 4 + -2?
0
Calculate -161 - -155 - (-1 - -3 - -5).
-13
What is the value of -740 + 677 + (48 - 0)?
-15
2 - (-7 + 3 - (-10 - -9))
5
What is the value of 4 - (8 + -3 + 4 + -3)?
-2
Calculate (0 + -1 - (1 + 2)) + 122 + -121.
-3
What is 58 + -82 + 4 + (-2 - -4)?
-18
Evaluate 3 + 9 - (-63 - -79).
-4
What is -5 + 0 - (-306 - -289)?
12
What is the value of -2 + (-32 - (-15 - -18)) + 15?
-22
Calculate -1 - -22 - (154 + -111).
-22
What is (10 - 9) + 8 + 4 - 10?
3
What is 37 + -23 - -30 - 24?
20
-24 - ((19 - 62) + 32)
-13
What is (-12 - (-54 + 26)) + 1?
17
Evaluate (-8 - -10 - -7) + -27 + 24.
6
What is 2 + 1 + (4 - (1 + (-7 - -10)))?
3
4 + 0 + (28 - 27 - 11)
-6
Evaluate (-61 - (-15 - 31)) + (-1 - 1).
-17
Calculate (-9 - -26 - 31) + 0.
-14
What is the value of (1 - 7) + 260 + -243?
11
Calculate -2 + -38 + 88 + -39.
9
What is -25 - (-26 + (-13 - -15))?
-1
What is the value of (5 - 12) + -4 + (6 - (-2 - -6))?
-9
Evaluate -2 + -1 + 9 + -5 + (-6 - 23).
-28
-6 - (7 + (-13 - 0))
0
What is the value of (-3 + 4 - 30) + 2?
-27
Evaluate -4 + (-9 - (17 - 16 - (-2 + 8))).
-8
-4 - -1 - (-21 + (5 - -5) + 22)
-14
What is the value of 31 + -36 - (-25 + 9)?
11
Evaluate (28 - (15 + 4)) + -2.
7
What is (99 - 106 - (2 - 1)) + 16?
8
(-1 - (7 + -3 - 8)) + 9
12
Calculate -17 - (8 + (-9 - (-9 + -3)) + -8).
-20
Calculate -6 - (2 + 1 - (-16 - -25)).
0
Evaluate -1 + (4 - (1 + -2)) - 10.
-6
Evaluate -8 + 5 + -2 + (2 - -3).
0
Calculate (-2 - -5 - 1) + 10 + -16.
-4
Calculate 26 - 1 - (939 + -911).
-3
Evaluate -3 - (-2 + -2 + (5 - (-1 + -2))).
-7
-24 + -5 + 11 + 3
-15
Evaluate 49 + 3 + -12 - 55.
-15
-1 + 1 - (269 + -273 - (1 + 0))
5
-16 + (14 - -10) + 3
11
-38 + 10 + (13 - -7)
-8
Evaluate 3 - (2 - (2 + -6 + 6 + -5)).
-2
What is the value of (5 - -7 - 10) + -13?
-11
Calculate (44 - -3) + (-33 - -42) + -24.
32
Calculate 5 - (6 + (0 - (2 - -5 - 6))).
0
Evaluate (-2 - (4 - 4)) + -6 - (-26 + 26).
-8
What is -1242 + 1268 + 1 + (-2 - 0)?
25
What is -155 + 152 - (-4 - 1) - 10?
-8
What is -25 - (17 + -33) - -10?
1
Calculate -2 - (-14 + 21 + -14) - (-1 - -11).
-5
What is 3 - (-2 - 2 - 10 - (6 + -10))?
13
Evaluate 4 + -19 + 5 - -15.
5
What is (8 - (10 - 1)) + 7 - (20 + 1)?
-15
Evaluate 29 - (-27 - (28 + -64)).
20
Calculate -1 - -21 - (3 - -34).
-17
Calculate (-2 - -4) + -5 + (1 - 3) + 6.
1
What is the value of (0 - ((-1 - 5) + 6) - 18) + 3?
-15
-5 - (-33 - (5 + -17) - (3 + -11))
8
Evaluate -8 - ((13 - 25) + 9) - -34.
29
Evaluate 339 - 344 - (2 - 1).
-6
Evaluate -27 + -11 + 16 - 1.
-23
11 + (0 - 18) + -9
-16
What is the value of (87 - 86 - (1 - -2)) + -11?
-13
What is (-5 - (-2 + -17)) + -15?
-1
Evaluate -17 + 2 + (-5 - -15) - 12.
-17
Calculate -52 + 54 - (-7 + (-10 - -5)).
14
Calculate 3 - ((16 - 5) + -3) - -8.
3
What is the value of (23 + 11 - (-6 + 8)) + -7?
25
What is the value of -22 - -11 - (-5 - (-5 + 3))?
-8
Evaluate 39 + -22 + -2 - 4.
11
Calculate 27 - 5 - (25 - 9).
6
Calculate (-25 - -50) + -34 - -1.
-8
Calculate 8 + 10 + -4 - (13 - 10).
11
Calculate (-70 - -67) + -3 + -1 - 7.
-14
Evaluate 15 - (32 + -1 + -22).
6
What is 31 + (4 - 44) + (3 - -2)?
-4
Evaluate -3 + (-1 - 14) + 5 - -3.
-10
Evaluate 4 + (19 - 15) - (-2 - (-18 + 2)).
-6
What is the value of -7 + -14 - -13 - -11?
3
What is the value of -15 - 1 - (-309 + 293)?
0
What is the value of 5 - 10 - (12 - 21)?
4
Calculate -4 + 0 + (-14 - (-15 - 14) - -13).
24
11 - -2 - (-14 + 20)
7
Evaluate 14 - 13 - 5 - (-35 - (-6 - -1)).
26
Calculate 73 - (6 + 2 - -29).
36
Evaluate -2 + 18 + -8 - (1 - 6).
13
What is -9 - (-22 - (0 - 5))?
8
What is -11 + (-10 + 6 - (-10 + (-2 - -2)))?
-5
What is the value of (2 + -4 - 5) + (728 - 738)?
-17
What is the value of -2 + 5 - 3 - (28 + -19)?
-9
(1 - 1) + (-1 - ((-2 - 4) + -3))
8
What is (-472 - -450) + (0 - -7)?
-15
Evaluate 1468 + -1473 - (-1 + -5 + 0).
1
What is the value of 4 + (-3 - -14 - 38)?
-23
What is the value of -3 - -14 - (0 + (-8 - (6 - 4)))?
21
What is 9 + (-3 - (5 - 8))?
9
What is -24 - -12 - -5 - -21?
14
What is the value of 3 + -21 - (-13 + 1 + 2)?
-8
Evaluate (-6 - 30) + 46 - (-15 + 2).
23
Evaluate (-3 - -7) + -14 + (12 - 6).
-4
Evaluate 14 + (-2 - (-9 - -15)).
6
What is 35 - 58 - -34 - (-2 - (0 - 9))?
4
What is the value of 6 + (-8 - (-2 + -2)) - -4?
6
27 - ((2 - (3 + -2)) + 7)
19
What is 3 + (-11 - 3) + 5 + -4?
-10
Evaluate -9 + 20 + -19 - (-1 - -5).
-12
What is the value of 1 + 0 + 44 + (-17 - -12)?
40
Evaluate 4 + (1 - 8 - (-17 - -10)).
4
What is the value of -10 - (8 - (-9 + 17 + -9) - 11)?
-8
What is the value of (10 - 3 - (-2 + 3)) + (-315 - -325)?
16
Calculate -11 + -1 - ((12 - 1) + -19).
-4
What is 4 + 26 + -13 + -13?
4
Calculate (-8 - (19 + -5 - -18)) + 19.
-21
Calculate -1762 - -1766 - (2 - (-2 + -3 + -1)).
-4
-16 - (-24 - (-11 + -4))
-7
113 + -80 - (22 - 1)
12
Calculate -3 + -2 + 47 + (-34 - 8).
0
What is the value of -17 - (-12 + (11 - 7)) - 4?
-13
What is (58 - 30) + 0 - 15?
13
107 - 111 - (-20 + 0)
16
What is the value of -12 + 4 + -4 + 3 - -1?
-8
What is -1 + -8 - (14 - (2 - (-27 + 10)))?
-4
What is the value of 6 + (-15 - -4) + (1 - -15) + -14?
-3
Evaluate (8 - 4) + -5 - (-2 + 2 + 13).
-14
Evaluate 7 - (-8 + (10 - 6) + -1).
12
Evaluate -15 + 8 + -8 + (4 - 3).
-14
Evaluate 9 - 8 - (107 - 119 - (0 - 5)).
8
Calculate 12 - (4 + 14) - (2 + -16).
8
What is the value of (-32 - (23 + -40)) + 6?
-9
Calculate (984 - 1028) + (13 - -2).
-29
Calculate -10 - (-6 + (-22 - -15)).
3
What is the value of -89 + 106 - (-8 - -11 - (1 - 0))?
15
Evaluate -1 + -5 - (37 + (-72 - -52)).
-23
Calculate 23 - 7 - (-6 - -20).
2
What is the value of -4 + (-15 - -32 - 5) + 8?
16
Calculate 36 + -26 - -1 - (1 - -34).
-24
Evaluate -13 - (7 + -27) - (-1 + 13).
-5
What is the value of 0 + -9 + 16 + -31 + 23?
-1
What is 15 - (8 - (0 + 1) - (63 - 56))?
15
What is -31 - 4 - -2 - (-5 - (1 + -4))?
-31
What is the value of -14 - (-29 - (-28 + 0))?
-13
(30 - 14) + -11 - (13 + 2)
-10
What is the value of -13 + (1 + 19 - (-24 + 34))?
-3
Calculate -183 + 181 - (-9 - -1 - -1).
5
What is the value of 30 + -31 + 1 - -19?
19
Calculate -23 - -26 - (2 + 32 + -2).
-29
What is (1 - -20 - 6) + 1 + -10?
6
(0 - (-5 + 0 + 13)) + 16 + -20
-12
Calculate